What is the greatest common divisor of 732 and 43676?
244
What is the greatest common divisor of 171472 and 112?
112
Calculate the greatest common factor of 356504 and 8.
8
What is the greatest common factor of 8938 and 139738?
218
What is the highest common factor of 286576 and 16?
16
What is the greatest common divisor of 307 and 630271?
307
Calculate the greatest common divisor of 10686 and 2.
2
Calculate the highest common divisor of 872036 and 88.
44
What is the greatest common factor of 352955 and 2901?
967
Calculate the greatest common factor of 2360 and 13160.
40
What is the greatest common factor of 61 and 2693699?
61
What is the highest common divisor of 32 and 24536?
8
What is the highest common divisor of 55 and 181465?
5
What is the greatest common factor of 1835 and 696566?
367
What is the greatest common factor of 237 and 31047?
237
Calculate the highest common factor of 1932 and 9492.
84
Calculate the highest common factor of 930 and 222735.
465
What is the greatest common divisor of 30024 and 1728?
216
What is the greatest common factor of 10134 and 1026?
18
Calculate the greatest common divisor of 1007 and 1908.
53
Calculate the highest common divisor of 8456 and 7550.
302
What is the greatest common divisor of 250 and 1110?
10
Calculate the highest common divisor of 41205 and 176880.
1005
Calculate the highest common divisor of 10 and 7935.
5
Calculate the greatest common divisor of 306 and 125868.
102
What is the highest common factor of 33271 and 291?
97
What is the greatest common divisor of 279 and 143778?
93
Calculate the highest common divisor of 801 and 31061.
89
What is the highest common divisor of 333270 and 10?
10
Calculate the greatest common factor of 54793 and 1099.
157
What is the greatest common factor of 234157 and 1309?
77
Calculate the greatest common divisor of 693 and 5137902.
693
What is the greatest common factor of 35075 and 325?
25
What is the greatest common factor of 544417 and 29?
29
What is the highest common divisor of 1088 and 248?
8
Calculate the greatest common factor of 10312 and 2216.
8
What is the greatest common factor of 3255 and 613025?
1085
Calculate the greatest common factor of 225 and 34380.
45
What is the highest common divisor of 347 and 4511?
347
What is the highest common factor of 51097 and 555?
37
What is the highest common divisor of 16175 and 50?
25
What is the greatest common factor of 6612 and 13688?
116
What is the highest common factor of 92 and 4885729?
23
What is the highest common divisor of 8122 and 1612?
62
Calculate the highest common divisor of 666 and 53428.
74
What is the greatest common divisor of 712355 and 1050?
35
What is the highest common divisor of 5895 and 180?
45
Calculate the greatest common factor of 49535 and 15.
5
What is the greatest common factor of 4439 and 276?
23
Calculate the greatest common factor of 33 and 1434873.
33
What is the greatest common factor of 9699 and 7869?
183
What is the greatest common divisor of 115 and 36064?
23
What is the highest common factor of 29 and 365748?
29
What is the greatest common factor of 100 and 586700?
100
What is the greatest common divisor of 5713 and 2758?
197
Calculate the highest common divisor of 238 and 37961.
119
What is the greatest common factor of 25251 and 114?
57
What is the highest common divisor of 198855 and 81?
81
Calculate the highest common divisor of 72 and 152952.
24
What is the greatest common divisor of 2066438 and 66?
22
What is the greatest common factor of 1166 and 55226?
106
Calculate the greatest common divisor of 41484 and 60.
12
Calculate the highest common factor of 1631 and 280.
7
What is the highest common factor of 17470 and 170?
10
What is the highest common factor of 64 and 108752?
16
Calculate the greatest common factor of 368 and 4623.
23
Calculate the highest common divisor of 4 and 30572.
4
What is the greatest common factor of 85 and 199835?
85
What is the greatest common factor of 52 and 12194?
26
Calculate the highest common factor of 16 and 3824.
16
What is the highest common divisor of 2937 and 88?
11
What is the greatest common divisor of 500913 and 819?
63
What is the highest common factor of 672 and 30072?
168
Calculate the highest common factor of 381921 and 1281.
183
What is the greatest common divisor of 1783324 and 397?
397
Calculate the highest common factor of 13013 and 3234.
77
What is the highest common divisor of 21909 and 3597?
327
Calculate the highest common factor of 1555 and 130.
5
Calculate the greatest common factor of 6023 and 627.
19
What is the greatest common factor of 34 and 201161?
17
Calculate the highest common divisor of 819 and 1239.
21
What is the greatest common divisor of 4067 and 637?
49
Calculate the highest common divisor of 143990 and 275.
55
What is the greatest common divisor of 40935 and 15?
15
Calculate the highest common divisor of 5822 and 1846.
142
Calculate the greatest common divisor of 1764 and 3708.
36
Calculate the highest common divisor of 4 and 57604.
4
What is the greatest common factor of 32535 and 964?
241
Calculate the highest common divisor of 1764736 and 811.
811
Calculate the highest common divisor of 328 and 109798.
82
Calculate the highest common factor of 6 and 216372.
6
Calculate the greatest common divisor of 187252 and 65572.
676
What is the highest common divisor of 18700 and 7055?
85
Calculate the greatest common divisor of 37 and 1954.
1
What is the highest common divisor of 287898 and 52?
26
Calculate the highest common divisor of 2616 and 33027.
327
What is the highest common divisor of 2225702 and 274?
274
What is the highest common factor of 4124 and 4?
4
Calculate the highest common divisor of 730 and 36865.
365
Calculate the highest common factor of 15833 and 213.
71
What is the highest common divisor of 7616 and 4228?
28
What is the greatest common divisor of 1476 and 24928?
164
Calculate the greatest common factor of 259728 and 14.
14
Calculate the greatest common factor of 336 and 18753.
21
What is the highest common factor of 1391855 and 331?
331
What is the greatest common factor of 82271 and 92?
23
Calculate the greatest common factor of 320550 and 1950.
150
What is the greatest common factor of 4575 and 1095?
15
Calculate the highest common divisor of 186 and 12159750.
186
What is the highest common factor of 32 and 28984?
8
Calculate the highest common divisor of 185610 and 69.
69
What is the greatest common divisor of 364852 and 53?
53
Calculate the highest common factor of 242172 and 924.
84
What is the highest common divisor of 39546 and 11700?
234
Calculate the greatest common factor of 441 and 5445.
9
What is the highest common divisor of 138 and 113574?
138
Calculate the greatest common factor of 95 and 2014.
19
What is the greatest common divisor of 210915 and 80?
5
Calculate the greatest common factor of 152 and 57931.
19
Calculate the highest common divisor of 31 and 75857.
31
Calculate the greatest common divisor of 135 and 28825.
5
Calculate the greatest common divisor of 233887 and 69.
23
Calculate the highest common factor of 88 and 402704.
8
Calculate the greatest common divisor of 214254 and 414.
18
Calculate the highest common factor of 1310 and 70085.
655
Calculate the highest common factor of 6265 and 3115.
35
What is the highest common factor of 54467 and 651?
217
Calculate the greatest common factor of 9558 and 85212.
162
Calculate the greatest common divisor of 39870 and 90.
90
Calculate the highest common divisor of 104 and 775723.
13
What is the greatest common divisor of 245399 and 407?
11
What is the greatest common factor of 247104 and 156?
156
What is the greatest common factor of 7208 and 39814?
34
Calculate the highest common divisor of 10363 and 256183.
241
Calculate the highest common factor of 3075 and 67725.
75
Calculate the greatest common divisor of 81767 and 35.
7
What is the greatest common factor of 70 and 5495?
35
Calculate the greatest common factor of 1771 and 17248.
77
What is the greatest common divisor of 617235 and 30?
15
What is the highest common divisor of 1651406 and 2774?
146
What is the highest common divisor of 35490 and 83070?
390
What is the highest common divisor of 20086 and 847?
121
What is the highest common factor of 4473